hat is the remainder when 246331 is divided by 2819?
1078
What is the remainder when 89240432 is divided by 61?
55
What is the remainder when 1149459 is divided by 297?
69
What is the remainder when 18993189 is divided by 4748294?
13
What is the remainder when 685432 is divided by 171351?
28
Calculate the remainder when 3950857 is divided by 618.
601
What is the remainder when 202004 is divided by 50448?
212
Calculate the remainder when 12383897 is divided by 50.
47
What is the remainder when 93540 is divided by 18462?
1230
Calculate the remainder when 309091955 is divided by 2399.
2396
Calculate the remainder when 36922 is divided by 492.
22
Calculate the remainder when 483422 is divided by 96439.
1227
Calculate the remainder when 357737 is divided by 89412.
89
What is the remainder when 29917952 is divided by 81743?
14
What is the remainder when 407702 is divided by 154?
64
Calculate the remainder when 56817 is divided by 8721.
4491
Calculate the remainder when 72503870 is divided by 91.
75
What is the remainder when 646383 is divided by 78?
75
Calculate the remainder when 478621 is divided by 42.
31
Calculate the remainder when 4966203 is divided by 1655396.
15
Calculate the remainder when 1037228 is divided by 12339.
752
What is the remainder when 9595069 is divided by 16?
13
Calculate the remainder when 126350 is divided by 1013.
738
Calculate the remainder when 1916198 is divided by 322.
298
What is the remainder when 7589961 is divided by 341?
324
Calculate the remainder when 208752 is divided by 215.
202
What is the remainder when 96756 is divided by 128?
116
Calculate the remainder when 796957 is divided by 3305.
452
Calculate the remainder when 629649 is divided by 3215.
2724
Calculate the remainder when 176735506 is divided by 4174.
4172
Calculate the remainder when 701608 is divided by 17540.
8
Calculate the remainder when 18927 is divided by 5829.
1440
Calculate the remainder when 1383549 is divided by 209.
178
What is the remainder when 685886823 is divided by 7397?
7395
What is the remainder when 353544 is divided by 27?
6
What is the remainder when 107139474 is divided by 6696217?
2
Calculate the remainder when 6778343 is divided by 3389162.
19
Calculate the remainder when 17382 is divided by 1712.
262
What is the remainder when 322206 is divided by 309?
228
Calculate the remainder when 2262137 is divided by 3591.
3398
What is the remainder when 36725618 is divided by 345?
23
Calculate the remainder when 36063726 is divided by 2658.
2640
What is the remainder when 851938 is divided by 121626?
556
What is the remainder when 493231 is divided by 246532?
167
What is the remainder when 1757630 is divided by 2844?
38
What is the remainder when 24852739 is divided by 2071059?
31
What is the remainder when 1841947 is divided by 920970?
7
Calculate the remainder when 2327254 is divided by 387871.
28
What is the remainder when 24726 is divided by 5866?
1262
What is the remainder when 3817702 is divided by 8?
6
Calculate the remainder when 917345 is divided by 163.
144
Calculate the remainder when 483705 is divided by 1493.
1466
Calculate the remainder when 195823 is divided by 34.
17
Calculate the remainder when 53564467 is divided by 117.
112
What is the remainder when 60428 is divided by 135?
83
What is the remainder when 486386839 is divided by 1160?
1159
Calculate the remainder when 15127523 is divided by 222463.
39
What is the remainder when 63920271 is divided by 40?
31
Calculate the remainder when 9571262 is divided by 91154.
92
Calculate the remainder when 7218421 is divided by 109.
5
Calculate the remainder when 38585499 is divided by 964637.
19
What is the remainder when 93193 is divided by 17?
16
What is the remainder when 578366261 is divided by 227?
225
Calculate the remainder when 3330645 is divided by 282.
225
What is the remainder when 316584 is divided by 217?
198
What is the remainder when 15691541 is divided by 748?
745
What is the remainder when 9027720 is divided by 702?
0
What is the remainder when 57523406 is divided by 4879?
4875
What is the remainder when 150231 is divided by 859?
765
Calculate the remainder when 84015 is divided by 27998.
21
Calculate the remainder when 23033194 is divided by 20.
14
Calculate the remainder when 13425539 is divided by 2193.
2186
What is the remainder when 153803 is divided by 153692?
111
Calculate the remainder when 298821 is divided by 644.
5
What is the remainder when 124145704 is divided by 333?
307
Calculate the remainder when 53152 is divided by 7320.
1912
What is the remainder when 2951465794 is divided by 1615?
1614
Calculate the remainder when 570969 is divided by 3806.
69
Calculate the remainder when 18324 is divided by 3650.
74
Calculate the remainder when 2481970 is divided by 2481836.
134
Calculate the remainder when 24733 is divided by 3071.
165
Calculate the remainder when 35183 is divided by 34950.
233
What is the remainder when 43617480 is divided by 3093?
3087
Calculate the remainder when 62850313 is divided by 42.
1
Calculate the remainder when 2823105 is divided by 201650.
5
Calculate the remainder when 73171016 is divided by 7.
2
What is the remainder when 123662768 is divided by 5317?
5299
What is the remainder when 219015 is divided by 53812?
3767
Calculate the remainder when 224720 is divided by 55737.
1772
What is the remainder when 57446 is divided by 3174?
314
Calculate the remainder when 1999448 is divided by 1798.
72
Calculate the remainder when 122952 is divided by 5585.
82
What is the remainder when 1489898 is divided by 496628?
14
What is the remainder when 480897 is divided by 240439?
19
Calculate the remainder when 128702 is divided by 7080.
1262
Calculate the remainder when 17741404 is divided by 4.
0
What is the remainder when 20202 is divided by 6680?
162
Calculate the remainder when 1008435 is divided by 3066.
2787
What is the remainder when 1655129 is divided by 267?
263
Calculate the remainder when 6155095 is divided by 13.
11
What is the remainder when 731285 is divided by 418?
203
Calculate the remainder when 260952 is divided by 436.
224
What is the remainder when 287312522 is divided by 591178?
14
Calculate the remainder when 83194 is divided by 1400.
594
What is the remainder when 35836297 is divided by 122727?
13
Calculate the remainder when 3526939 is divided by 28.
3
What is the remainder when 13160250 is divided by 46?
18
What is the remainder when 789321958 is divided by 9?
7
Calculate the remainder when 71316 is divided by 3739.
275
What is the remainder when 2684289 is divided by 7693?
7125
Calculate the remainder when 316765 is divided by 73.
18
Calculate the remainder when 120726043 is divided by 165.
163
Calculate the remainder when 361133 is divided by 481.
383
Calculate the remainder when 3914608 is divided by 67.
66
What is the remainder when 29015 is divided by 1835?
1490
What is the remainder when 1220051 is divided by 26522?
39
Calculate the remainder when 4441513 is divided by 443.
438
What is the remainder when 6773977 is divided by 1758?
403
What is the remainder when 32269 is divided by 6162?
1459
Calculate the remainder when 171478 is divided by 1844.
1830
Calculate the remainder when 318505967 is divided by 454.
451
Calculate the remainder when 3073645 is divided by 90400.
45
What is the remainder when 602096 is divided by 1397?
1386
Calculate the remainder when 2215860 is divided by 108.
24
What is the remainder when 53676081 is divided by 220?
41
Calculate the remainder when 200451 is divided by 65705.
3336
Calculate the remainder when 6204286 is divided by 856.
854
What is the remainder when 13706152 is divided by 3509?
3507
What is the remainder when 634123 is divided by 311?
305
What is the remainder when 913281 is divided by 11002?
115
What is the remainder when 6454905 is divided by 343?
331
Calculate the remainder when 344183 is divided by 3235.
1273
What is the remainder when 73031597 is divided by 18?
17
What is the remainder when 100157027 is divided by 402237?
14
What is the remainder when 26078 is divided by 3103?
1254
Calculate the remainder when 8307388 is divided by 27971.
1
Calculate the remainder when 281382 is divided by 40177.
143
Calculate the remainder when 87654 is divided by 7227.
930
